0).
10
Evaluate 3 + -1 - 12 - (-66 + 58).
-2
14 + (17 + -23 - (18 + 5))
-15
(7 - 5) + -8 + -57 + 33
-30
Evaluate -16 + 40 - (40 - 16).
0
What is 1 + -5 + 1 + (-146 - (-4 + -118))?
-27
What is the value of -9 + 2 - (-27 + 21) - (-4 + -1)?
4
Evaluate (24 - 25) + -3 + -6.
-10
-54 + 19 + (28 - 7)
-14
What is the value of (-20 - (14 + -2)) + 7 - -8?
-17
Calculate 4 + -7 - (-3 - -7 - 8 - -19).
-18
What is the value of (2 - 1) + -9 + (-16 + 17 - 2)?
-9
(2 - -29) + (158 - 191)
-2
Calculate 6 - -37 - 21 - (0 - -10).
12
Evaluate 0 + -10 + (-50 - (55 + -119)).
4
What is the value of (2 - 2) + 6 - (-4 - (-10 + -3))?
-3
What is (-3 + 0 - ((41 - 7) + -28)) + -13?
-22
Calculate 6 - -2 - (-355 + 365).
-2
What is the value of 1 - 9 - ((-4 - 0) + -31)?
27
What is -2 + -4 + (-2 - -2) + 35 + -36?
-7
What is the value of 51 - (3 - -10) - 73?
-35
Calculate -21 + (11 + -4 - -8).
-6
What is 9 + 8 + -15 + 11 + 4?
17
What is 1 + (-8 - -1) + 3?
-3
What is the value of 4 + -3 - 8 - (-5 + 6)?
-8
Calculate -30 + (15 - -12) - 7.
-10
What is the value of -1 + (1 - 2 - -9) + -8 - 12?
-13
What is -2 + -16 + (6 - (10 - 9)) + 7?
-6
Calculate -3 + (2 + 4 - (-75 - -85)).
-7
What is 62 - 67 - (0 + -2 + 1 + -4)?
0
12 + (-14 - -7) + 7 + -11
1
Calculate 2 - (-16 + 7 - -33).
-22
Evaluate 71 + -57 - ((6 - 2) + (-7 - -3)).
14
Calculate -18 + (14 - (6 + -1)).
-9
Calculate -4 + -10 + 16 + -2 + -2.
-2
Calculate 5 + -1 + 2 - (-6 + 6) - -24.
30
Calculate (12 + -12 - (-8 + 10)) + -17.
-19
What is (14 - (2 + 2)) + -7?
3
17 - ((-16 - -30) + 17) - -7
-7
-31 + -29 + 19 + 20
-21
(-1 + -11 - (-15 + 11)) + 29
21
Evaluate -28 + 7 + (19 - 20).
-22
Evaluate -8 - (15 + -21 - -1).
-3
Evaluate 10 + -7 - (1 + (-1 - -15)).
-12
What is 13 - (10 - 1 - 6)?
10
Evaluate 5 + -5 + -7 + 9 + -3.
-1
(-10 - (1 - 0) - (-2657 + 2608)) + 1
39
What is 16 + (29 - 59 - -33)?
19
-2 + -54 + 27 + (-6 - -5)
-30
What is 2 + (1 + -6 - -10)?
7
1 + -17 - (67 + -92)
9
Evaluate 7 + -5 + -3 - (-145 - -135).
9
Calculate 59 + -58 + -2 + 3.
2
(6 - (13 - 7) - -6) + -4
2
Calculate (-7 - 2) + 6 + -7 + 8.
-2
What is 15 + -18 + (-2 - (-1 + -4) - 16)?
-16
What is the value of -7 - (32 + -15 - -3)?
-27
Calculate -25 - (-4 + 16 + -36).
-1
Calculate 14 + 7 + -6 + -10 + -30.
-25
What is (27 - 14) + -11 - 8?
-6
What is the value of (-11 - -9 - (-2 + -5)) + (1 - 1)?
5
Calculate (2 - -5 - 17) + (-7 + 6 - 1).
-12
Calculate (507 - 513) + -16 + -3.
-25
Calculate 9 - ((21 - 4) + 9 + 0 + -5).
-12
Calculate 30 + -8 + -7 - 1.
14
What is the value of -24 + 17 - 6 - 24 - -10?
-27
Evaluate 5 + -13 + (-10 - -5).
-13
10 + (-10 - (6 + 3))
-9
Evaluate (1 - (-10 - 0)) + -7.
4
What is the value of 16 + (40 - 21) + -42?
-7
Evaluate -12 - (-3 + 3 - -15 - 11).
-16
-23 + (-10 - (-13 - 10))
-10
What is (11 - (34 + (-4 - 1))) + 0?
-18
Evaluate (125 - 116) + (4 - (12 - -3)).
-2
What is -91 + 87 - (-2 - -19)?
-21
222 + -209 - (5 - (4 - 1))
11
What is (3 - (1 + 3 + 1 + -5)) + 4?
7
What is -7 + -22 + -25 + 60 + -34 + 1?
-27
Calculate -33 + 26 + (-5 + 4 - 11) + 6.
-13
Evaluate -5 + (-17 - -8) + 13 - (-2 - 13).
14
What is 2 - (1 - 25 - (-63 + 55))?
18
What is the value of 1 + -2 + 1 + 12 + -7?
5
What is -1 - 15 - (1 + -22)?
5
Calculate (10 - 2) + (-3 - 2) - (-8 + 9).
2
What is the value of 2 - -1 - -3 - -5?
11
Calculate 3 + 14 + 10 + -14.
13
What is the value of 84 + -102 - (-1 - 8)?
-9
What is 23 + -12 + (-2 - 24) + -4?
-19
What is the value of (1 - 42) + -819 + 850?
-10
What is the value of 8 - (2 - 4) - 7 - 8?
-5
Calculate (4 - -26 - 15) + -19.
-4
What is the value of 0 + -1 - 13 - ((-1 - 4) + 2)?
-11
What is the value of -18 - (2 - (-8 - -16) - 1)?
-11
What is the value of -5 - (4 + -5) - (10 - (15 + -5))?
-4
Calculate -1542 - -1525 - (-2 + 2 + 2 - -7).
-26
Evaluate 25 + (3 - 6 - 18).
4
Evaluate -9 + (9 - (13 + -6)) + 3.
-4
What is the value of -30 + 53 + 15 + -31?
7
(1 - -6) + (-4 - -7 - (1 - 8))
17
Calculate 3 + 28 + (-14 + 19 - 4).
32
(-9 - (-5 - 1 - 13)) + -5
5
Evaluate -2 - (3 + -11 + 5 + 11).
-10
What is 8 - (0 + 3 - 14 - -6)?
13
What is the value of 69 - 169 - -77 - (1 + -4 + -1)?
-19
What is the value of (10 - 19) + 10 + -1?
0
Evaluate 4 + -2 - (1 - (-11 + 5)).
-5
-1 + -6 + (1 - 0) + -309 + 303
-12
What is the value of (7 - 8 - (2 - -2)) + -8 + 0?
-13
What is the value of 4 + (8 - 1) + (82 - 99) + 9?
3
7 - ((-9 - -18) + 0)
-2
-40 + (0 + 8 - -4) - -6
-22
What is 10 - 19 - (2 + -22)?
11
What is the value of -1 + 14 - (-118 + 138)?
-7
6 + -2 - ((13 - 15) + 8)
-2
(2 - 0) + -3 - (4 + -6)
1
What is the value of 6 + (3 - (-12 + -2 + 11))?
12
Calculate (17 - 39) + 46 + -15.
9
Calculate (-7 - -3) + (107 - 113).
-10
Calculate -44 + 13 + (4 - 2) + 8 + -3.
-24
What is the value of 6 + 1 + (-9 - -2)?
0
Evaluate 21 + (-4 - (5 + 6)).
6
Evaluate 6 - (9 - -17) - -12.
-8
Evaluate 2 + (-2 + 8 - (89 - 95)).
14
What is the value of -1 - -11 - (-1 + -9 + (4 - -2))?
14
Calculate 6 - (-8 + -1 - (-97 - -71)).
-11
-35 + -10 + 15 + 0 + 12
-18
(11 - 1) + -55 + (9 - -12) + 2
-22
What is 11 + -10 + (14 - (16 - 8))?
7
Evaluate -42 + 50 + (-7 - 1) + 3.
3
What is -3 - -15 - 13 - -12 - 36?
-25
Evaluate -4 + -1 + 18 + -9 - -2.
6
(9 + -43 - -28) + 13
7
(1 - -1 - (9 - 5)) + 0
-2
What is 13 + -13 + (-8 - -14)?
6
What is 1 + -6 + -1 + -2504 + 2500?
-10
What is the value of 3 + -16 - (3 - (13 + -5))?
-8
Calculate -4 + 7 + (-5 - 1) + -8.
-11
What is 13 - (7 - 1) - (-3 + 22)?
-12
35 + (-7 - (-17 - -50))
-5
What is the value of (-15 - (0 - ((2 - -5) + -7))) + 2?
-13
What is 14 + 2 + (-45 - -30)?
1
What is -6 - (2 - -31 - 26)?
-13
What is -11 + -7 + -11 + 17 + -10?
-22
What is the value of -2 + -8 + (-5 - ((-5 - -4) + -3))?
-11
Evaluate -2 - ((-10 - 1) + 1 + 11 - 1).
-2
Evaluate -4 + 33 - (-26 - -21 - (1 - 12)).
23
Evaluate (2 - -13) + (104 - 137).
-18
37 + -16 - (-8 + (7 - 5) + 2)
25
Evaluate 4 + -3 + 3 + -20 + 26.
10
Evaluate (33 - 24 - (7 - 8)) + -13.
-3
127 - 114 - (-3 - -13) - 3
0
What is -8 + 23 + -2 + 4 + -11?
6
What is 5 - (1 - (2 + -3))?
3
Calculate -13 + (-3 - (-13 + -3)).
0
Calculate 1 + -8 - ((-2 - 7 - -16) + -5).
-9
What is the value of (-31 - -61) + (-1 - 35)?
-6
What is -7 + (0 - -1 - (-33 - 1) - 9)?
19
What is -4 + (4 - -29) - (-285 - -293)?
21
What is 0 - -29 - (19 + (-14 - -5) + -5)?
24
What is 12 + 2 + -2 - (0 + 1 + 0)?
11
Calculate (4 - 3) + (-29 + 35 - (-1 + -19)).
27
What is the value of (5 - 18 - -5 - (0 + 3)) + 6?
-5
What is the value of 19 + (-3 + -1 - 14)?
1
(-5 + 2 - (-2 - -5)) + 5 + 6
5
What is the value of -37 + 23 - (-1 + -1 + -10)?
-2
What is the value of 3 - (10 - (19 - (2 + (8 - 1))))?
3
Calculate 5 - ((-9 - (-6 + 4)) + 2 + 4).
6
Evaluate 23 + -13 + 0 + 7 + 2 + -1.
18
Calculate (2 - -17) + -12 + -1 - (1 - 2).
7
Calculate (-28 - -3) + (-43 - -46).
-22
Calculate 4 + 0 - (9 + (-9 - 3 - 10)).
17
Evaluate 121 - 116 - (0 + -6) - 6.
5
What is the value of -3 + -3 + -1 - (-21 + 2)?
12
What is (-19 - -4) + (0 - -8 - 9 - 0)?
-16
Evaluate -8 + (9 - -6 - 3 - -6).
10
Calculate 14 + (-3 - -1 - -3 - (22 - 18)).
11
What is the value of -97 + 89 + (29 - 1)?
20
7 + -4 + (-3 - -8)
8
What is the value of -32 - (-34 + 13) - -1?
-10
-8 + -5 - -4 - 1 - (-3 + -1)
-6
18 - (-11 + 23 + -14 + 7)
13
(25 - (51 + -17)) + (2 - 6)
-13
Calculate (5 - 2) + (-3 - (8 - (-5 + -1))).
-14
What is the value of (8 - -7 - 7 - 4) + (-1 - -3)?
6
What is the value of -10 + (-12 + (-6 - (-26 + 8)) - -50)?
40
Evaluate -15 + (-21 - (-38 - -32)).
-30
Calculate -11 + 0 + 10 + 3 + -34.
-32
Calculate (-2 - -4) + (4 - (1 + 4)).
1
Evaluate -24 + 1 + (-13 - -19) + 11.
-6
What is (-4 - 1 - -2) + (-26 + -37 - -47)?
-19
Calculate (9 + 1 + -5 - -12) + -1.
16
What is 19 - (16 - 31) - 20?
14
What is 0 + 1 - (-2 - (1 + -3) - -3)?
-2
57 - 57 - (-3 - (-2 + 1 - -12))
14
What is the value of 11 + (10 - -7) + -38?
-10
What is -5 - 1 - (-19 + 4 - -6 - 7)?
10
Calculate (3 - -1) + (-1 - (9 - (-4 - -1))).
-9
Calculate -6 + (16 - 9) + -2 + 1 + -3.
-3
Calculate (2 + 31 - 35) + (7 - 0) - 4.
1
Calculate 10 - 4 - (-10 - (-28 - (-2 + 1))).
-11
What is 25 + (-13 - (-10 + 17))?
5
What is the value of 9 + 6 + 18 + -46?
-13
What is the value of 0 + -15 + (-21 - (70 - 81))?
-25
-9 + (-31 - -54) + 13
27
-33 + (-24 - -26) - -53
22
What is the value of (-24 - -12 - -10) + 1 + 3 + -8?
-6
What is 5 - (9 - 5) - (95 + -109)?
15
-6 - -1 - (-6 + (-7 - -8))
0
Calc